?
3, 7
Suppose -f - f = -2. What are the prime factors of ((-71)/(-2))/((4/24)/f)?
3, 71
What are the prime factors of ((-12)/(-30))/((-10)/(-3000))?
2, 3, 5
Let l = 460 + -748. Let p be 0 + -3 + l/(-8). Let n = -12 + p. What are the prime factors of n?
3, 7
List the prime factors of (-33 + 32)/((-4)/8092).
7, 17
Let x(v) = 2*v**2 + 4*v - 3. Suppose -3 = -q - 0*q. Let o be x(q). Let d = 30 + o. What are the prime factors of d?
3, 19
Let b be 2/(-10) + (-26)/(-5). Let v be ((-2)/5)/(6/(-90)). What are the prime factors of 35/2*v/b?
3, 7
Suppose 0 = -8*o + o + 5992. List the prime factors of o.
2, 107
Let u(w) = w**2 - 11*w + 2. Let k be u(11). Suppose -k*n - n = -33. List the prime factors of n.
11
Let d = 232 + -41. What are the prime factors of d?
191
Let w(p) = p - 4. Let n be w(6). List the prime factors of 20 - 7/(7/n).
2, 3
Let b = -73 - -15. Let f = 81 + b. Suppose 3*r = -f + 77. What are the prime factors of r?
2, 3
Let t(y) = y**3 - 7*y**2 - 2*y + 12. Let o be t(7). Let u(k) = -9*k**3 - k**2 + 4*k. List the prime factors of u(o).
2, 3, 5
Suppose 9*j - 11*j = -8. Suppose -13 = -j*h + 4*w + 7, 0 = -w + 5. Suppose -2*s + h = 3*s. What are the prime factors of s?
2
Suppose 5*i = 5*o - 20, -4*o + 6 = 4*i - 10. Suppose 3*q - o*g - 121 = 0, -3*g - 192 = -5*q - 6*g. What are the prime factors of q?
3, 13
Suppose 5*v - 14995 = 5*r, -35*r = -34*r + 4. List the prime factors of v.
5, 599
Let o(g) = -39*g. Let q be o(-12). Let w = -234 + q. What are the prime factors of w?
2, 3, 13
Let n(d) = 32*d - 99. List the prime factors of n(4).
29
Let t be (12/(-8))/((-6)/40). Let b be 304/t + 6/(-15). Let x = b - 20. List the prime factors of x.
2, 5
Let t be 4/(-2*3/(-24)). Let s = 13 - t. What are the prime factors of s/(-6)*(-1 - -39)?
19
Suppose 53*h + 3 = 54*h. What are the prime factors of (248 + -2)*h/6?
3, 41
Let k(r) = r**2 + 11*r - 3. Let b be k(-11). Let u = 5 + b. Suppose 0 = -u*v - 2*v + 16. List the prime factors of v.
2
Let q = 935 - 188. List the prime factors of q.
3, 83
Suppose 3*x - 8001 = 2*i, -x + 979 = -i - 1687. What are the prime factors of x?
17, 157
Suppose 30*u - 372 = 24*u. List the prime factors of u.
2, 31
Suppose 3*k = k + 12. Suppose k = 3*d, 0*d - 15 = -s - d. Let c = 5 + s. What are the prime factors of c?
2, 3
Suppose -3*d - 5*b + 136 - 37 = 0, 2*d + 5*b - 66 = 0. List the prime factors of d.
3, 11
Let r = 932 - 111. Suppose 163 + r = 4*b. What are the prime factors of b?
2, 3, 41
Suppose -g = -2*g + 4. Let n be 4 - 26 - (g + -2). List the prime factors of 8/(-10)*(n - 6).
2, 3
Suppose 0 = -2*a - 2*b + 8, -5*a + 3*b - 2*b - 4 = 0. Suppose 0 = -s - 4*t + 49, 2*t + 1 - 3 = a. What are the prime factors of s?
3, 5
Suppose -c - 10 - 5 = 0. Let a = -13 - c. Suppose 0 - 18 = -a*r. List the prime factors of r.
3
Let v = -109 - -113. What are the prime factors of 1276/55*30/v?
2, 3, 29
Let k = -823 + 2638. What are the prime factors of k?
3, 5, 11
Let n(i) = 20*i**2 + 8*i - 10. Let c be n(4). Suppose 4*b = 4*t + 408, 4*b - 2*t - 74 - c = 0. What are the prime factors of b?
2, 53
Let v(c) = c**3 + 6*c**2 + 9. Let w be v(-6). Let x be w - (4 + -4) - 3. Suppose 0 = -x*z + 2*z + 164. What are the prime factors of z?
41
Suppose 2*b - 31 - 13 = 0. Let a be (-4)/(-3) - b/(-6). Suppose -a*v + 46 = -74. List the prime factors of v.
2, 3
Let r = 20 + 113. Suppose -2*x = -4*o + 118, -o + 7 = 7*x - 3*x. Suppose -5*t = -r - o. List the prime factors of t.
2
Let m = 67 + -64. Suppose 0 = s, m*z - 256 = -s - 7. What are the prime factors of z?
83
Let a be 5 - 0/(3 + -7). Let v be (2 - a)/(3/(-4)). Suppose -v*x + 4 = -2*x. What are the prime factors of x?
2
List the prime factors of 10/35*(-5341)/(-14).
109
Let j(y) = 359*y + 102. What are the prime factors of j(8)?
2, 1487
Suppose 0 = 4*s + 10 - 22. Suppose -s*l + 2*u = 3*u + 25, -5*l = -4*u + 53. Let q = l + 29. What are the prime factors of q?
2, 5
Suppose 0 = 5*q + 6*i - 9401, -2*i - 1893 = 18*q - 19*q. List the prime factors of q.
5, 13, 29
Let n(p) = -2*p - 7. Let g be n(-5). Suppose 18*u - 15*u = -g. List the prime factors of (u - 84)*(-2)/5.
2, 17
Suppose z + 39 = -5*i, -3*z + 2*i - 54 = -z. Let l = 63 + z. List the prime factors of l.
2, 17
Suppose 0 = -16*v + 9*v + 18158. Suppose 2*x + 616 = 2*g, 1094 = -5*g - 5*x + v. List the prime factors of g.
2, 19
Suppose 2*s - 5*c + 4*c - 1143 = 0, 0 = 2*s + c - 1153. What are the prime factors of s?
2, 7, 41
Let r(l) = 109*l**2 + 7*l + 7. List the prime factors of r(-1).
109
Suppose -6*i + 386 = -1930. What are the prime factors of i?
2, 193
Suppose 3597 = -308*s + 311*s. What are the prime factors of s?
11, 109
Suppose 17*s + 7*s - 5832 = 0. What are the prime factors of s?
3
Let s = 0 + 0. Suppose s*g - g = -3*a - 10, -12 = 4*g + a. List the prime factors of 6/g*(-22)/3.
2, 11
Let q = -1487 + 957. Let s be q/3*3 + 4. List the prime factors of s/(-8) - (-9)/(-12).
5, 13
Suppose 3*y + 7 = 4*w - 2*w, -3*w + y + 7 = 0. Suppose -z + j + 14 = 0, 3*z + j = -w*z + 52. List the prime factors of z.
11
Suppose 0 = 8*o - 2*o - 336. Suppose -11*z + 12*z - o = 0. What are the prime factors of z?
2, 7
Suppose 3*y - 21 = 4*h, y = -0*y - 4*h - 9. Suppose -y*p + 22 = 10. What are the prime factors of p?
2
Let b be 67/((-5)/(-10)*2/(-1)). Let j = b + 234. List the prime factors of j.
167
Suppose 506 = 4*w - 102. List the prime factors of w.
2, 19
Let v(j) = 36*j - 208. List the prime factors of v(35).
2, 263
What are the prime factors of (1 - (-16851)/9)*(-48)/(-20)?
2, 281
Suppose 631 = 5*o - 3*f, -o - o - 5*f = -240. Suppose 7*d - o = 2*d. Let z = d - 14. What are the prime factors of z?
11
What are the prime factors of 640 - (0 - (-2 - -4))?
2, 3, 107
Suppose 5*a - 2*j + 28 = 0, a - 3*j + 20 = -a. What are the prime factors of a/5 - (-574)/5?
2, 3, 19
Suppose 0 = 3*z + 4*f, -4*f = -5*z + z - 28. Let p(y) be the third derivative of y**5/30 + 3*y**3/2 + y**2. What are the prime factors of p(z)?
41
Suppose 3*u - 56 = 79. Let n be (-1056)/(-14) - u/105. Suppose -2*w - 5*z = -152, n = w - 2*z + 4*z. What are the prime factors of w?
71
What are the prime factors of (29/((-2030)/(-24276)))/((-3)/(-10))?
2, 17
Suppose 4*k = -n - 11, 4*k + 0*k - 7 = 5*n. Let f be k/(-5) - (-23)/5. Suppose -3*s + 4*z = -35, -f*z - 35 + 10 = 0. List the prime factors of s.
5
What are the prime factors of ((-928)/10)/((-1)/20)?
2, 29
Let h = -31 + 59. Let v = 103 - h. List the prime factors of v.
3, 5
Let g(p) = 32*p - 2. Let r = 12 - 38. Let q = r - -27. List the prime factors of g(q).
2, 3, 5
Let m(b) = -1240*b + 82. List the prime factors of m(-2).
2, 3, 7, 61
Let f = 5219 + -3647. List the prime factors of f.
2, 3, 131
Suppose -2*s + 9*s = 0. Suppose -m - 4*p = 7 - 31, -m + 2*p = s. What are the prime factors of m?
2
Let q = 133 + -95. Let w = 93 - q. Let m = w - 33. What are the prime factors of m?
2, 11
Let p = -80 - -890. What are the prime factors of p?
2, 3, 5
Let y = -2 + 0. Let f = y + -4. Let v = f - -13. What are the prime factors of v?
7
Let f(z) = -2*z**2 - 7*z + 23. Let g(q) = -6*q**2 - 20*q + 70. Let p(i) = -7*f(i) + 2*g(i). What are the prime factors of p(-11)?
2, 61
Suppose 0*g - 174 = -3*g + 3*a, -5*a = -3*g + 168. What are the prime factors of g?
61
Suppose -1 - 1 = a - 4*h, h = -3*a + 7. Suppose 3*p - 6 = 0, 7*p - 2*p = -a*b + 42. Let k(n) = 3*n - 2. What are the prime factors of k(b)?
2, 23
Suppose -2*o = 67 - 177. What are the prime factors of (o/2)/(6/12)?
5, 11
Let k(s) = 17*s**3 + 15*s**2 - 7*s + 2. List the prime factors of k(3).
5, 23
Suppose 3*m - 42 = -0*m. Let a(k) = k - 8. Let h be a(m). List the prime factors of h/(-51) - (-1092)/34.
2
What are the prime factors of 1 - (-2 + 2) - -1784?
3, 5, 7, 17
Let u = 7 - 55. Let l = u + 119. What are the prime factors of l?
71
Let f be (-3)/(-2)*36/27. Suppose h - f*h - 9 = 0. List the prime factors of h/2*10/(-3).
3, 5
Let x(o) = 3 + 6*o + 6 - 7 - o. List the prime factors of x(1).
7
Suppose 6*n = 2*n + 3312. List the prime factors of n.
2, 3, 23
Let m(p) = 18*p**3 - 6*p**2 + 28*p - 24. List the prime factors of m(5).
2, 277
Let v(x) = 2*x**2 - 19*x - 43. What are the prime factors of v(20)?
13, 29
Let d(t) = -48*t - 71. What are the prime factors of d(-12)?
5, 101
Suppose -w = -2*p - 18, -5*p - 68 = -4*w + 